{"id":55,"date":"2022-07-22T10:40:43","date_gmt":"2022-07-22T10:40:43","guid":{"rendered":"http:\/\/hardcore-mirzakhani.82-220-38-86.plesk.page\/?page_id=55"},"modified":"2023-09-27T21:47:41","modified_gmt":"2023-09-27T21:47:41","slug":"about","status":"publish","type":"page","link":"https:\/\/millcon.at\/?page_id=55","title":{"rendered":"\u00dcber uns"},"content":{"rendered":"\n<section id=\"gmdd15922\" class=\"wp-block-gutentor-m3 section-gmdd15922 gutentor-module gutentor-container-cover has-image-bg has-custom-bg has-gutentor-overlay g-valign-c-mobile g-valign-c-tablet g-valign-c-desktop\"><div class=\"grid-container\">\n<h2 class=\"wp-block-heading has-text-align-center has-nv-text-dark-bg-color has-text-color\">WER WIR SIND!<br>UND WARUM WIR<br>DAS MACHEN!<\/h2>\n<\/div><\/section>\n\n\n\n<section id=\"gm9bfb562\" class=\"wp-block-gutentor-m3 section-gm9bfb562 gutentor-module gutentor-container-cover has-color-bg has-custom-bg has-gutentor-overlay\"><div class=\"grid-container\">\n<div style=\"height:56px\" aria-hidden=\"true\" class=\"wp-block-spacer\"><\/div>\n\n\n\n<h2 class=\"wp-block-heading has-nv-text-dark-bg-color has-text-color\">Wer wir sind<\/h2>\n\n\n\n<p class=\"has-nv-text-dark-bg-color has-text-color\">MillCon ist ein junges aufstrebendes Unternehmen. Wir sind ausgebildete Elektrotechniker mit langj\u00e4hriger branchenspezifischer Erfahrung in der Konstruktion von 3-D-Blechbiegeteilen und der Herstellung von Aluminium-Fr\u00e4steilen.<\/p>\n\n\n\n<p class=\"has-nv-text-dark-bg-color has-text-color\">Wir setzen modernste Technologien ein, um unsere Prozesse und Produkte st\u00e4ndig zu optimieren und gleichzeitig die Umweltbelastung zu minimieren. Durch unsere hohen Qualit\u00e4tsstandards und unsere Fokussierung auf Kundenbed\u00fcrfnisse, sind wir in der Lage, unseren Kunden individuelle L\u00f6sungen anzubieten.<\/p>\n\n\n\n<p class=\"has-nv-text-dark-bg-color has-text-color\">MillCon ist stolz darauf, ein zuverl\u00e4ssiger und innovativer Partner f\u00fcr Unternehmen in der Metallverarbeitungsindustrie zu sein. Wir arbeiten eng mit unseren Kunden zusammen, um sicherzustellen, dass ihre Anforderungen erf\u00fcllt werden und sie mit unseren Produkten und Dienstleistungen zufrieden sind.<\/p>\n\n\n\n<h2 class=\"wp-block-heading has-nv-text-dark-bg-color has-text-color\">Wof\u00fcr wir stehen<\/h2>\n\n\n\n<p class=\"has-nv-text-dark-bg-color has-text-color\">F\u00fcr unsere Kunden sind wir ein langfristiger, zuverl\u00e4ssiger Partner, bei dem Qualit\u00e4t und Schnelligkeit an oberster Stelle stehen. Unser Angebot ist umfassend und reicht von der technischen Beratung \u00fcber die Konstruktion bis hin zur Oberfl\u00e4chenbehandlung der von uns gefertigten Produkte. Bei unseren Kunden nehmen wir dank unserer Qualit\u00e4t sowie unserer einzigartigen Schnelligkeit und Flexibilit\u00e4t eine Sonderstellung ein und gelten als zuverl\u00e4ssiger Lieferant und langfristiger Partner.<\/p>\n\n\n\n<div style=\"height:56px\" aria-hidden=\"true\" class=\"wp-block-spacer\"><\/div>\n<\/div><\/section>\n\n\n\n<section id=\"gm2802518\" class=\"wp-block-gutentor-m3 section-gm2802518 gutentor-module gutentor-container-cover has-image-bg has-custom-bg has-gutentor-overlay g-valign-c-mobile g-valign-c-tablet g-valign-c-desktop\"><div class=\"grid-container\"><\/div><\/section>\n\n\n\n<section id=\"gmef6ba17\" class=\"wp-block-gutentor-m3 section-gmef6ba17 gutentor-module gutentor-container-cover has-color-bg has-custom-bg has-gutentor-overlay\"><div class=\"grid-container\">\n<div style=\"height:56px\" aria-hidden=\"true\" class=\"wp-block-spacer\"><\/div>\n\n\n\n<h2 class=\"wp-block-heading has-nv-text-dark-bg-color has-text-color\">Was wir tun<\/h2>\n\n\n\n<p class=\"has-nv-text-dark-bg-color has-text-color\">Wir konstruieren und fertigen Einbaurahmen, Geh\u00e4use und mechanische Komponenten f\u00fcr elektronische Bauelemente wie Platinen, Displays, Touch Screens, Folientastaturen und vieles mehr.<\/p>\n\n\n\n<section class=\"wp-block-uagb-columns uagb-columns__wrap uagb-columns__stack-mobile uagb-columns__valign- uagb-columns__gap-10 align uagb-block-725ccf8c uagb-columns__columns-2 uagb-columns__max_width-theme\"><div class=\"uagb-columns__overlay\"><\/div><div class=\"uagb-columns__inner-wrap uagb-columns__columns-2\">\n<div class=\"wp-block-uagb-column uagb-column__wrap uagb-column__background-undefined uagb-block-8ff1fd64\"><div class=\"uagb-column__overlay\"><\/div>\n<h3 class=\"wp-block-heading has-nv-text-dark-bg-color has-text-color\">Wir konstruieren<\/h3>\n\n\n\n<p class=\"has-nv-text-dark-bg-color has-text-color\">Wir verf\u00fcgen \u00fcber mehrere CAD-CAM-Arbeitspl\u00e4tze mit Autodesk Inventor und InventorCAM. Ausgehend von Ihrer Idee oder Skizze, erstellen wir damit 3-D-Baugruppen, Fertigungszeichnungen, Blechabwicklungen und programmieren unsere Produktionsmaschinen.<\/p>\n<\/div>\n\n\n\n<div class=\"wp-block-uagb-column uagb-column__wrap uagb-column__background-undefined uagb-block-4da3b45b\"><div class=\"uagb-column__overlay\"><\/div>\n<h3 class=\"wp-block-heading has-nv-text-dark-bg-color has-text-color\">Wir fr\u00e4sen<\/h3>\n\n\n\n<p class=\"has-nv-text-dark-bg-color has-text-color\">Unsere CNC-Bearbeitungszentren entsprechen dem neuesten Stand und sind ausgestattet mit Vakuumspanntechnik, Werkzeug-Laservermessung und Infrarot 3-D-Tastsystem. Wir verarbeiten haupts\u00e4chlich Aluminium, Kunststoffe und Edelstahl.<\/p>\n<\/div>\n<\/div><\/section>\n\n\n\n<section class=\"wp-block-uagb-columns uagb-columns__wrap uagb-columns__stack-mobile uagb-columns__valign- uagb-columns__gap-10 align uagb-block-e2f7f898 uagb-columns__columns-2 uagb-columns__max_width-theme\"><div class=\"uagb-columns__overlay\"><\/div><div class=\"uagb-columns__inner-wrap uagb-columns__columns-2\">\n<div class=\"wp-block-uagb-column uagb-column__wrap uagb-column__background-undefined uagb-block-c7948b24\"><div class=\"uagb-column__overlay\"><\/div>\n<h3 class=\"wp-block-heading has-nv-text-dark-bg-color has-text-color\">Wir kooperieren<\/h3>\n\n\n\n<p class=\"has-nv-text-dark-bg-color has-text-color\">Anspruchsvolle Teile verlangen nach einer ansprechenden Optik. In Zusammenarbeit mit langj\u00e4hrigen regionalen Partnern bieten wir unsere Produkte mit folgenden Oberfl\u00e4chenbehandlungen an: Eloxieren, Passivieren, Verzinken, Lackieren, Pulverbeschichten, Bedrucken und Gravieren.<\/p>\n<\/div>\n\n\n\n<div class=\"wp-block-uagb-column uagb-column__wrap uagb-column__background-undefined uagb-block-e2d547bd\"><div class=\"uagb-column__overlay\"><\/div>\n<h3 class=\"wp-block-heading has-nv-text-dark-bg-color has-text-color\">Wir verbinden<\/h3>\n\n\n\n<p class=\"has-nv-text-dark-bg-color has-text-color\">Wir verf\u00fcgen \u00fcber Automaten zum Verpressen aller g\u00e4ngigen Einpressbefestiger wie zum Beispiel Bolzen, Muttern, Buchsen und Abstandhalter zur Montage von Elektronikkomponenten.<\/p>\n<\/div>\n<\/div><\/section>\n\n\n\n<div style=\"height:56px\" aria-hidden=\"true\" class=\"wp-block-spacer\"><\/div>\n<\/div><\/section>\n","protected":false},"excerpt":{"rendered":"","protected":false},"author":1,"featured_media":0,"parent":0,"menu_order":0,"comment_status":"closed","ping_status":"closed","template":"","meta":{"_uag_custom_page_level_css":"","neve_meta_sidebar":"","neve_meta_container":"full-width","neve_meta_enable_content_width":"","neve_meta_content_width":0,"neve_meta_title_alignment":"","neve_meta_author_avatar":"","neve_post_elements_order":"","neve_meta_disable_header":"off","neve_meta_disable_footer":"","neve_meta_disable_title":"on","footnotes":""},"class_list":["post-55","page","type-page","status-publish","hentry"],"uagb_featured_image_src":{"full":false,"thumbnail":false,"medium":false,"medium_large":false,"large":false,"1536x1536":false,"2048x2048":false,"neve-blog":false},"uagb_author_info":{"display_name":"admin","author_link":"https:\/\/millcon.at\/?author=1"},"uagb_comment_info":0,"uagb_excerpt":null,"_links":{"self":[{"href":"https:\/\/millcon.at\/index.php?rest_route=\/wp\/v2\/pages\/55","targetHints":{"allow":["GET"]}}],"collection":[{"href":"https:\/\/millcon.at\/index.php?rest_route=\/wp\/v2\/pages"}],"about":[{"href":"https:\/\/millcon.at\/index.php?rest_route=\/wp\/v2\/types\/page"}],"author":[{"embeddable":true,"href":"https:\/\/millcon.at\/index.php?rest_route=\/wp\/v2\/users\/1"}],"replies":[{"embeddable":true,"href":"https:\/\/millcon.at\/index.php?rest_route=%2Fwp%2Fv2%2Fcomments&post=55"}],"version-history":[{"count":22,"href":"https:\/\/millcon.at\/index.php?rest_route=\/wp\/v2\/pages\/55\/revisions"}],"predecessor-version":[{"id":490,"href":"https:\/\/millcon.at\/index.php?rest_route=\/wp\/v2\/pages\/55\/revisions\/490"}],"wp:attachment":[{"href":"https:\/\/millcon.at\/index.php?rest_route=%2Fwp%2Fv2%2Fmedia&parent=55"}],"curies":[{"name":"wp","href":"https:\/\/api.w.org\/{rel}","templated":true}]}}